ousands digit of 259251396?
1
What is the thousands digit of 94884765?
4
What is the hundreds digit of 54115099?
0
What is the units digit of 31186703?
3
What is the thousands digit of 239982661?
2
What is the hundreds digit of 13276379?
3
What is the hundreds digit of 198150617?
6
What is the hundred thousands digit of 86245804?
2
What is the millions digit of 37897355?
7
What is the hundred thousands digit of 693298927?
2
What is the thousands digit of 1835985943?
5
What is the ten thousands digit of 211607297?
0
What is the thousands digit of 304131624?
1
What is the hundreds digit of 630476297?
2
What is the hundred millions digit of 2597926964?
5
What is the ten thousands digit of 483575256?
7
What is the ten millions digit of 2433614340?
3
What is the hundreds digit of 1926386357?
3
What is the hundred millions digit of 455975582?
4
What is the hundreds digit of 114998006?
0
What is the ten thousands digit of 480702731?
0
What is the thousands digit of 127033020?
3
What is the hundred thousands digit of 104473068?
4
What is the thousands digit of 681422608?
2
What is the ten thousands digit of 3538217774?
1
What is the hundred thousands digit of 51787545?
7
What is the millions digit of 8377035?
8
What is the millions digit of 1206901753?
6
What is the thousands digit of 1826016088?
6
What is the units digit of 250920547?
7
What is the units digit of 77866623?
3
What is the hundreds digit of 113274751?
7
What is the hundred millions digit of 3317248589?
3
What is the ten millions digit of 2055379009?
5
What is the thousands digit of 168550153?
0
What is the hundreds digit of 11438517?
5
What is the ten millions digit of 266900159?
6
What is the hundred thousands digit of 5844677169?
6
What is the ten thousands digit of 2429216935?
1
What is the ten millions digit of 1330815623?
3
What is the tens digit of 239990015?
1
What is the ten thousands digit of 374767895?
6
What is the tens digit of 1296900367?
6
What is the millions digit of 83519817?
3
What is the thousands digit of 378001468?
1
What is the ten millions digit of 60454173?
6
What is the ten thousands digit of 1754037751?
3
What is the hundreds digit of 555604083?
0
What is the hundreds digit of 25144293?
2
What is the units digit of 23494939?
9
What is the hundred thousands digit of 24247674?
2
What is the hundred millions digit of 236813825?
2
What is the thousands digit of 33835842?
5
What is the millions digit of 15626543?
5
What is the hundred thousands digit of 102485238?
4
What is the tens digit of 462299957?
5
What is the hundred thousands digit of 10263003?
2
What is the millions digit of 2156268?
2
What is the tens digit of 126298327?
2
What is the ten thousands digit of 17808320?
0
What is the millions digit of 22242741?
2
What is the ten millions digit of 1306949072?
0
What is the ten thousands digit of 300308175?
0
What is the ten millions digit of 34730947?
3
What is the hundreds digit of 139426223?
2
What is the thousands digit of 100848521?
8
What is the hundreds digit of 393817504?
5
What is the thousands digit of 724751461?
1
What is the units digit of 37477572?
2
What is the ten thousands digit of 1830306418?
0
What is the hundred millions digit of 114034194?
1
What is the tens digit of 4848300702?
0
What is the units digit of 22210160?
0
What is the ten thousands digit of 662170116?
7
What is the millions digit of 75114160?
5
What is the hundreds digit of 3057353849?
8
What is the tens digit of 214752379?
7
What is the tens digit of 979399452?
5
What is the ten millions digit of 129516360?
2
What is the ten thousands digit of 81701574?
0
What is the hundred thousands digit of 148084447?
0
What is the units digit of 131140915?
5
What is the tens digit of 13708924?
2
What is the ten millions digit of 239423691?
3
What is the ten thousands digit of 38928477?
2
What is the ten millions digit of 17298051?
1
What is the units digit of 651382026?
6
What is the ten millions digit of 762080492?
6
What is the tens digit of 494090198?
9
What is the millions digit of 1883471615?
3
What is the tens digit of 762354949?
4
What is the millions digit of 39627995?
9
What is the ten millions digit of 71180071?
7
What is the millions digit of 695206758?
5
What is the hundred thousands digit of 154032585?
0
What is the hundreds digit of 23583162?
1
What is the tens digit of 62874920?
2
What is the millions digit of 575941052?
5
What is the units digit of 8045928?
8
What is the units digit of 763746660?
0
What is the hundred thousands digit of 31256540?
2
What is the thousands digit of 1798298674?
8
What is the thousands digit of 88521063?
1
What is the ten millions digit of 177100992?
7
What is the tens digit of 656486351?
5
What is the hundreds digit of 181966806?
8
What is the millions digit of 37631305?
7
What is the millions digit of 96963800?
6
What is the hundred thousands digit of 203288220?
2
What is the units digit of 15935778?
8
What is the thousands digit of 3914066180?
6
What is the thousands digit of 49117243?
7
What is the hundred millions digit of 222608130?
2
What is the millions digit of 68565592?
8
What is the ten millions digit of 352733032?
5
What is the millions digit of 34831165?
4
What is the ten thousands digit of 122946687?
4
What is the ten millions digit of 448388365?
4
What is the units digit of 80800194?
4
What is the hundred millions digit of 119134252?
1
What is the tens digit of 39044341?
4
What is the hundreds digit of 61899654?
6
What is the millions digit of 1169161934?
9
What is the thousands digit of 233842602?
2
What is the thousands digit of 921709005?
9
What is the hundred thousands digit of 167249772?
2
What is the ten millions digit of 371444579?
7
What is the tens digit of 66499817?
1
What is the hundred thousands digit of 45294151?
2
What is the tens digit of 86887907?
0
What is the tens digit of 607609624?
2
What is the ten thousands digit of 483852123?
5
What is the hundred millions digit of 776115996?
7
What is the hundred thousands digit of 637303645?
3
What is the thousands digit of 911132175?
2
What is the tens digit of 594446015?
1
What is the billions digit of 1756175466?
1
What is the tens digit of 713560857?
5
What is the units digit of 731630093?
3
What is the units digit of 95061983?
3
What is the hundreds digit of 285898278?
2
What is the units digit of 94342622?
2
What is the hundreds digit of 12464416?
4
What is the hundreds digit of 1381756062?
0
What is the ten thousands digit of 88399942?
9
What is the hundred millions digit of 1127296239?
1
What is the ten thousands digit of 475451173?
5
What is the millions digit of 822543840?
2
What is the billions digit of 2010493949?
2
What is the ten thousands digit of 3853366244?
6
What is the thousands digit of 203238659?
8
What is the millions digit of 662907487?
2
What is the hundred thousands digit of 197245408?
2
What is the hundreds digit of 134046851?
8
What is the thousands digit of 2506669592?
9
What is the thousands digit of 36711425?
1
What is the hundreds digit of 80244894?
8
What is the thousands digit of 1718828668?
8
What is the ten millions digit of 97243089?
9
What is the hundreds digit of 713936339?
3
What is the ten thousands digit of 794724203?
2
What is the hundred thousands digit of 420958240?
9
What is the hundred thousands digit of 17824659?
8
What is the hundred millions digit of 3508060626?
5
What is the ten thousands digit of 1996226864?
2
What is the ten millions digit of 40979826?
4
What is the ten thousands digit of 127583681?
8
What is the millions digit of 2863796825?
3
What is the hundreds digit of 501570469?
4
What is the ten thousands digit of 775885216?
8
What is the ten thousands digit of 5666301?
6
What is the thousands digit of 469499943?
9
What is the hundred thousands digit of 12636800?
6
What is the tens digit of 885248331?
3
What is the thousands digit of 35204262?
4
What is the thousands digit of 110644234?
4
What is the units digit of 127245406?
6
What is the ten thousands digit of 90092156?
9
What is the millions digit of 1684058446?
4
What is the ten thousands digit of 923428965?
2
What is the ten thousands digit of 86101682?
0
What is the hundreds digit of 40801161?
1
What is the tens digit of 95486386?
8
What is the millions d